visor of b and 22?
11
Let v be 33/(-5) + 1 - (-4)/(-10). Let q(p) = p**2 + 6*p + 21. Let s be q(v). Calculate the highest common factor of s and 21.
21
Suppose -208921 = -34*w - 156779 + 183784. Calculate the greatest common factor of 27 and w.
27
Let j be (-1)/(36/162 - (-11371)/(-51129)). Calculate the highest common factor of 38 and j.
19
Let m be (-15)/35 - 7446/21. Let l be m/1*(-18)/(-45). Let u = l - -178. What is the highest common factor of 48 and u?
12
Let k be (-1 + 19)/2 + -6. Suppose -5*c = k*g - 1080, 7*c - 6*c - 216 = -5*g. Calculate the highest common factor of 8 and c.
8
Suppose -3695*l + 3675*l + 780 = 0. Calculate the highest common factor of 147 and l.
3
Let o = 85 + -75. Let g(w) = -w + 56. Let l be g(-14). Calculate the greatest common factor of o and l.
10
Let v = -39 + 41. Let n be -4 + v/(8/364) + 0. Let w = 132 - n. What is the highest common divisor of w and 15?
15
Let k = 1122 + -1008. What is the greatest common factor of k and 2337?
57
Suppose 38439 = 85*r - 41461. What is the greatest common factor of 6345 and r?
235
Let d be (1572/(-16))/(12/32). Let y = -184 - d. Calculate the highest common divisor of y and 6.
6
Let z be -1 - (3/3 - 0 - (11 - -1963)). Calculate the highest common divisor of z and 12.
4
Let b(h) = -h + 1. Let r(u) = 57*u**2 + 6*u - 14. Let k(n) = 6*b(n) + r(n). Let g be k(2). What is the highest common divisor of g and 44?
44
Suppose -2*a - 8 = 2*c - 66, -4*a + 68 = 2*c. Let p = -127 + 135. Calculate the greatest common factor of c and p.
8
Let j = 35421 + -35305. Let k(f) = -73*f - 2. Let i be k(-4). Calculate the highest common divisor of j and i.
58
Let q = -6632 + 6717. What is the greatest common factor of 295 and q?
5
Suppose 6*x - 4*x + 5*f = 95, 2*x - f = 125. What is the highest common factor of x and 630?
30
Let u(l) = 204*l + 2. Let i(o) = 203*o + 4. Let j(q) = -4*i(q) + 3*u(q). Let c be j(-1). What is the highest common divisor of 20 and c?
10
Let m(g) = 2*g**2 - 20*g + 24. Let s be m(7). Let o be 40*((-3 - -1) + (-45)/s). Calculate the highest common divisor of 640 and o.
20
Let f(w) = -41*w**3 - 6*w**2 - 107*w - 102. Let d be f(-1). Calculate the greatest common divisor of d and 536.
8
Suppose -1212*w + 1177*w = -119735. What is the highest common divisor of 22 and w?
11
Suppose 10*i = 161 + 19. Suppose 2*n - i = 26. What is the greatest common divisor of n and 11?
11
Let i = -65 + 136. Let o = 62 - i. Let j be (1/(-4))/(o/5220). What is the highest common factor of 58 and j?
29
Let j(z) = 34*z + 710. Let r be j(-14). What is the highest common divisor of 540 and r?
18
Let f be ((-21)/18 - -1) + 41533/(-246). Let s(q) = 8*q**2 - 4*q + 11. Let t be s(-6). Let v = f + t. Calculate the greatest common divisor of v and 14.
14
Suppose 10 = 3*a - 32. Suppose -3*g + a*g = 132. Let o = 37 - -11. What is the highest common factor of g and o?
12
Let v = -153 + 156. Suppose 0 = v*l - 5*w - 1440, 481 = l - 3*w + w. Calculate the highest common divisor of 25 and l.
25
Let l(w) = -3289*w + 140. Let o be l(-6). What is the greatest common divisor of 38 and o?
38
Let t(q) = 2*q**2 + 55*q + 270. Let p be t(-23). What is the greatest common factor of 224 and p?
7
Let z(u) = 24*u - 319. Let o be z(16). Let i be 57/(-38)*20/(-6). What is the greatest common divisor of o and i?
5
Suppose 0*f - 155015 = -4*f - 3*u, u = -2*f + 77505. What is the highest common divisor of f and 62?
62
Let h = -1 + 3. Suppose 11 = h*b + 5. What is the greatest common divisor of b and 21?
3
Suppose 3*y - 4*h - 142 = 0, -2*y + 76 + 52 = 4*h. Let i = 489 - 64. Let a = i - 344. Calculate the highest common factor of a and y.
27
Let y = -27 - -30. Suppose -5*n + 4*o = -1345, -y*o = -14 - 1. What is the highest common divisor of 13 and n?
13
Let f = -10946 + 27664. Calculate the greatest common factor of f and 26.
26
Let t be (-13 - (218 + 8))/((-2)/6). What is the greatest common divisor of 6 and t?
3
Let t = 5338 - 4794. Calculate the greatest common factor of t and 32.
32
Let h(v) = 187*v + 2163. Let a be h(-7). Calculate the highest common factor of 2440 and a.
122
Suppose -5*y = 2*f - 677, 0 = -5*y - 15*f + 10*f + 680. Suppose 0 = -12*u + 10*u - 56. Let r = -1 - u. What is the highest common factor of y and r?
27
Let k(p) = -19*p**2 - 6*p + 8*p**2 - 37 + 5*p**2 + 7*p**2. Let h be k(-5). Calculate the highest common divisor of h and 468.
18
Suppose 22 = -2*l + 50. Suppose 0 = -63*s + 61*s + l. What is the highest common divisor of s and 3?
1
Let r = 14440 + -14410. Let q be 4/(4/5)*39. Calculate the highest common factor of r and q.
15
Let b = 5622 + -5230. Calculate the highest common factor of 1666 and b.
98
Suppose -33995 = -5*d + 5*p, -2*p + 33960 = -457*d + 462*d. What is the greatest common divisor of d and 1738?
158
Suppose g - 5*j + j = 127, 373 = 3*g - 4*j. Calculate the greatest common factor of g and 33.
3
Let u(a) = 2*a**3 - 59*a**2 - 86*a + 225. Let c be u(31). What is the highest common divisor of c and 714?
34
Suppose -464 + 2312 = 7*w. Suppose 19 - 129 = -2*u. What is the highest common factor of u and w?
11
Suppose 5*v + 1 + 14 = 0, -643 = -4*z - 3*v. Let p = 292 - z. Let h = p + -41. What is the greatest common divisor of 8 and h?
8
Let k(x) = -2*x + 16. Let o be 70/4*(-8)/(-20). Let i be k(o). Suppose 7 = i*l - 17. What is the highest common factor of 2 and l?
2
Let g = 91 + -49. Let t(z) = -z**2 - 95*z + 6. Let h be t(-8). Let d = h - 696. What is the greatest common factor of d and g?
6
Suppose 4*f - 12 = 0, -4*h + 9*f + 7620 = 5*f. Calculate the highest common factor of h and 18.
18
Let m be -2 + 5 + 0/(-2). Suppose -5*b + 1 = -2*v - 0, -v + 5 = m*b. Suppose 3*k - 56 = -4*g - k, g - 2 = v*k. Calculate the highest common divisor of 20 and g.
10
Let h be 14*6*(-4)/(-192)*26760/5. Calculate the highest common factor of h and 126.
42
Suppose 3*i + 43 - 12 = l, -4*l + 2*i + 74 = 0. Let n be (l + (-1 - 0))*3. Suppose 20*b + 45*b - 345 = -4*b. What is the highest common factor of n and b?
5
Let p be ((-7)/3)/((-79)/61146). Calculate the highest common factor of p and 4128.
258
Suppose -3*m + b + 544 = -1349, -b = 3. What is the greatest common factor of 525 and m?
105
Let j(i) = i**3 + 6*i**2 + 4*i - 1. Let z be j(-5). Suppose -16 - 28 = z*w. Let h be w/55 + 402/10. Calculate the greatest common divisor of h and 8.
8
Let d = 558 + -272. Let p(c) = c**3 - 2*c**2 + 6*c + 22. Let f be p(0). Calculate the highest common divisor of d and f.
22
Let g be (304/64)/((-49)/(-12) - 4). Let v be (-1)/((8/(-6))/4). Suppose -3*y + 54 = v*j, 3*j - 55 = -0*j - 2*y. What is the highest common factor of j and g?
19
Let f(n) = -n**3 + 6*n**2 + 23*n - 10. Let h be f(7). Suppose -2*y + 86 = -j, 3*y - 4*j - 37 = h. Calculate the highest common divisor of 492 and y.
41
Suppose 0 = 19*h + 685 - 12085. Suppose -13*d = 2*d - h. What is the greatest common factor of d and 30?
10
Let l be 1244/(-24)*-2 + 3/9. Let p = 99 - l. Let i be 44 + p + 3 + -3. Calculate the highest common factor of i and 26.
13
Suppose -60*t + 3442 + 10078 = 2180. Calculate the greatest common divisor of 621 and t.
27
Suppose -116*j - 29*j = -2610. Calculate the highest common factor of j and 12474.
18
Suppose -1 = -x - 0*x - b, -4*x + b + 9 = 0. Suppose -2*r + 32 = u, x*r + 3*u - 34 = u. Suppose -6*m + 5*m = -75. What is the greatest common factor of r and m?
15
Let d(z) = z**3 + 95*z**2 + 1793*z - 33. Let m be d(-69). Calculate the highest common divisor of 1764 and m.
36
Let o(v) = 617*v - 2020. Let y be o(4). Calculate the highest common divisor of y and 1600.
64
Let z(a) = -19*a + 53. Let f be z(-25). What is the highest common divisor of 7744 and f?
176
Suppose -j - 39 = -3*h - 4*j, 6*h = -j + 98. What is the highest common divisor of 1581 and h?
17
Suppose -3*g - x = -40, 3*g + 50 = 6*g - 4*x. What is the highest common divisor of g and 329?
7
Suppose 0 = -26*t + 17*t. Suppose 23*v - 24*v + 160 = t. Calculate the highest common divisor of 280 and v.
40
Suppose 3*p + 8638 = 17*p. Let r be p + (33/6 - (-3)/(-2)). What is the highest common divisor of r and 69?
69
Let m(z) = -z**3 - 11*z**2 - 2*z + 22. Let w(g) = -10*g**3 - 2*g**2 + 3*g - 2. Let b be w(1). Let n be m(b). Calculate the greatest common divisor of n and 48.
4
Let b be (-375735)/1354*((-26)/